{"id":327,"date":"2026-02-27T18:35:35","date_gmt":"2026-02-27T18:35:35","guid":{"rendered":"https:\/\/orgues-elbeuf.fr\/?page_id=327"},"modified":"2026-02-27T18:35:36","modified_gmt":"2026-02-27T18:35:36","slug":"anciennes-actualites-2014-2016","status":"publish","type":"page","link":"https:\/\/orgues-elbeuf.fr\/index.php\/anciennes-actualites-2014-2016\/","title":{"rendered":"Anciennes actualit\u00e9s 2014-2016"},"content":{"rendered":"\n<p class=\"has-background\" style=\"background:linear-gradient(135deg,rgba(252,146,0,0.99) 0%,rgba(255,106,0,0.13) 99%);font-size:clamp(21.536px, 1.346rem + ((1vw - 3.2px) * 1.192), 35px);\">2016 : <\/p>\n\n\n\n<p><\/p>\n\n\n\n<div class=\"wp-block-media-text is-stacked-on-mobile\"><figure class=\"wp-block-media-text__media\"><img loading=\"lazy\" decoding=\"async\" width=\"712\" height=\"1024\" src=\"https:\/\/orgues-elbeuf.fr\/wp-content\/uploads\/2026\/02\/2016-10-28-Vincent-RIGOT-712x1024.jpg\" alt=\"\" class=\"wp-image-127 size-full\" srcset=\"https:\/\/orgues-elbeuf.fr\/wp-content\/uploads\/2026\/02\/2016-10-28-Vincent-RIGOT-712x1024.jpg 712w, https:\/\/orgues-elbeuf.fr\/wp-content\/uploads\/2026\/02\/2016-10-28-Vincent-RIGOT-209x300.jpg 209w, https:\/\/orgues-elbeuf.fr\/wp-content\/uploads\/2026\/02\/2016-10-28-Vincent-RIGOT-768x1104.jpg 768w, https:\/\/orgues-elbeuf.fr\/wp-content\/uploads\/2026\/02\/2016-10-28-Vincent-RIGOT-1068x1536.jpg 1068w, https:\/\/orgues-elbeuf.fr\/wp-content\/uploads\/2026\/02\/2016-10-28-Vincent-RIGOT-1424x2048.jpg 1424w, https:\/\/orgues-elbeuf.fr\/wp-content\/uploads\/2026\/02\/2016-10-28-Vincent-RIGOT-1568x2255.jpg 1568w, https:\/\/orgues-elbeuf.fr\/wp-content\/uploads\/2026\/02\/2016-10-28-Vincent-RIGOT.jpg 1601w\" sizes=\"auto, (max-width: 712px) 100vw, 712px\" \/><\/figure><div class=\"wp-block-media-text__content\">\n<p>28 Octobre : Concert de Vincent RIGOT \u00e0 l&rsquo;Immacul\u00e9e-Conception<\/p>\n<\/div><\/div>\n\n\n\n<p><\/p>\n\n\n\n<div class=\"wp-block-media-text has-media-on-the-right is-stacked-on-mobile\"><div class=\"wp-block-media-text__content\">\n<p>01 ao\u00fbt : Concert Orgue et Piano \u00e0 l&rsquo;Immacul\u00e9e-Conception<\/p>\n<\/div><figure class=\"wp-block-media-text__media\"><img loading=\"lazy\" decoding=\"async\" width=\"614\" height=\"1024\" src=\"https:\/\/orgues-elbeuf.fr\/wp-content\/uploads\/2026\/02\/2016-08-01-Chavrot-1-614x1024.png\" alt=\"\" class=\"wp-image-130 size-full\" srcset=\"https:\/\/orgues-elbeuf.fr\/wp-content\/uploads\/2026\/02\/2016-08-01-Chavrot-1-614x1024.png 614w, https:\/\/orgues-elbeuf.fr\/wp-content\/uploads\/2026\/02\/2016-08-01-Chavrot-1-180x300.png 180w, https:\/\/orgues-elbeuf.fr\/wp-content\/uploads\/2026\/02\/2016-08-01-Chavrot-1-768x1281.png 768w, https:\/\/orgues-elbeuf.fr\/wp-content\/uploads\/2026\/02\/2016-08-01-Chavrot-1-921x1536.png 921w, https:\/\/orgues-elbeuf.fr\/wp-content\/uploads\/2026\/02\/2016-08-01-Chavrot-1-1228x2048.png 1228w, https:\/\/orgues-elbeuf.fr\/wp-content\/uploads\/2026\/02\/2016-08-01-Chavrot-1-1568x2615.png 1568w, https:\/\/orgues-elbeuf.fr\/wp-content\/uploads\/2026\/02\/2016-08-01-Chavrot-1-scaled.png 1535w\" sizes=\"auto, (max-width: 614px) 100vw, 614px\" \/><\/figure><\/div>\n\n\n\n<p><\/p>\n\n\n\n<div class=\"wp-block-media-text is-stacked-on-mobile\"><figure class=\"wp-block-media-text__media\"><img loading=\"lazy\" decoding=\"async\" width=\"779\" height=\"1024\" src=\"https:\/\/orgues-elbeuf.fr\/wp-content\/uploads\/2026\/02\/2016-03-21_concert-amis-des-orgues-779x1024.jpg\" alt=\"\" class=\"wp-image-129 size-full\" srcset=\"https:\/\/orgues-elbeuf.fr\/wp-content\/uploads\/2026\/02\/2016-03-21_concert-amis-des-orgues-779x1024.jpg 779w, https:\/\/orgues-elbeuf.fr\/wp-content\/uploads\/2026\/02\/2016-03-21_concert-amis-des-orgues-228x300.jpg 228w, https:\/\/orgues-elbeuf.fr\/wp-content\/uploads\/2026\/02\/2016-03-21_concert-amis-des-orgues-768x1009.jpg 768w, https:\/\/orgues-elbeuf.fr\/wp-content\/uploads\/2026\/02\/2016-03-21_concert-amis-des-orgues.jpg 886w\" sizes=\"auto, (max-width: 779px) 100vw, 779px\" \/><\/figure><div class=\"wp-block-media-text__content\">\n<p>21 mars : Requiem de Faur\u00e9 \u00e0 l&rsquo;Immacul\u00e9e-Conception<\/p>\n<\/div><\/div>\n\n\n\n<hr class=\"wp-block-separator has-alpha-channel-opacity\"\/>\n\n\n\n<p class=\"has-background\" style=\"background:linear-gradient(135deg,rgba(252,146,0,0.99) 0%,rgba(255,106,0,0.13) 99%);font-size:clamp(21.536px, 1.346rem + ((1vw - 3.2px) * 1.192), 35px);\">2015 :<\/p>\n\n\n\n<p><\/p>\n\n\n\n<div class=\"wp-block-media-text has-media-on-the-right is-stacked-on-mobile\"><div class=\"wp-block-media-text__content\">\n<p>04 octobre : Concert de Kunio Yamaoka \u00e0 l&rsquo;Immacul\u00e9e-Conception<\/p>\n<\/div><figure class=\"wp-block-media-text__media\"><img loading=\"lazy\" decoding=\"async\" width=\"819\" height=\"1024\" src=\"http:\/\/orgues-elbeuf.fr\/wp-content\/uploads\/2026\/02\/2015-10-04-Yamaoka-819x1024.jpg\" alt=\"\" class=\"wp-image-134 size-full\" srcset=\"https:\/\/orgues-elbeuf.fr\/wp-content\/uploads\/2026\/02\/2015-10-04-Yamaoka-819x1024.jpg 819w, https:\/\/orgues-elbeuf.fr\/wp-content\/uploads\/2026\/02\/2015-10-04-Yamaoka-240x300.jpg 240w, https:\/\/orgues-elbeuf.fr\/wp-content\/uploads\/2026\/02\/2015-10-04-Yamaoka-768x961.jpg 768w, https:\/\/orgues-elbeuf.fr\/wp-content\/uploads\/2026\/02\/2015-10-04-Yamaoka-1228x1536.jpg 1228w, https:\/\/orgues-elbeuf.fr\/wp-content\/uploads\/2026\/02\/2015-10-04-Yamaoka-scaled.jpg 2046w\" sizes=\"auto, (max-width: 819px) 100vw, 819px\" \/><\/figure><\/div>\n\n\n\n<p><\/p>\n\n\n\n<div class=\"wp-block-media-text is-stacked-on-mobile\"><figure class=\"wp-block-media-text__media\"><img loading=\"lazy\" decoding=\"async\" width=\"752\" height=\"1024\" src=\"https:\/\/orgues-elbeuf.fr\/wp-content\/uploads\/2026\/02\/2015-08-03-Chavrot-752x1024.png\" alt=\"\" class=\"wp-image-133 size-full\" srcset=\"https:\/\/orgues-elbeuf.fr\/wp-content\/uploads\/2026\/02\/2015-08-03-Chavrot-752x1024.png 752w, https:\/\/orgues-elbeuf.fr\/wp-content\/uploads\/2026\/02\/2015-08-03-Chavrot-220x300.png 220w, https:\/\/orgues-elbeuf.fr\/wp-content\/uploads\/2026\/02\/2015-08-03-Chavrot-768x1046.png 768w, https:\/\/orgues-elbeuf.fr\/wp-content\/uploads\/2026\/02\/2015-08-03-Chavrot.png 948w\" sizes=\"auto, (max-width: 752px) 100vw, 752px\" \/><\/figure><div class=\"wp-block-media-text__content\">\n<p>03 ao\u00fbt : Concert Orgue et Piano \u00e0 l&rsquo;Immacul\u00e9e-Conception<\/p>\n<\/div><\/div>\n\n\n\n<hr class=\"wp-block-separator has-alpha-channel-opacity\"\/>\n\n\n\n<p class=\"has-background\" style=\"background:linear-gradient(135deg,rgba(252,146,0,0.99) 0%,rgba(255,106,0,0.13) 99%);font-size:clamp(21.536px, 1.346rem + ((1vw - 3.2px) * 1.192), 35px);\">2014 :<\/p>\n\n\n\n<p><\/p>\n\n\n\n<div class=\"wp-block-media-text has-media-on-the-right is-stacked-on-mobile\"><div class=\"wp-block-media-text__content\">\n<p>23 novembre : Concert de Jean MALANDIN \u00e0 l&rsquo;Immacul\u00e9e-Conception<\/p>\n<\/div><figure class=\"wp-block-media-text__media\"><img loading=\"lazy\" decoding=\"async\" width=\"580\" height=\"859\" src=\"http:\/\/orgues-elbeuf.fr\/wp-content\/uploads\/2026\/02\/Programme-23-novembre.jpg\" alt=\"\" class=\"wp-image-141 size-full\" srcset=\"https:\/\/orgues-elbeuf.fr\/wp-content\/uploads\/2026\/02\/Programme-23-novembre.jpg 580w, https:\/\/orgues-elbeuf.fr\/wp-content\/uploads\/2026\/02\/Programme-23-novembre-203x300.jpg 203w\" sizes=\"auto, (max-width: 580px) 100vw, 580px\" \/><\/figure><\/div>\n","protected":false},"excerpt":{"rendered":"<p>2016 : 28 Octobre : Concert de Vincent RIGOT \u00e0 l&rsquo;Immacul\u00e9e-Conception 01 ao\u00fbt : Concert Orgue et Piano \u00e0 l&rsquo;Immacul\u00e9e-Conception 21 mars : Requiem de Faur\u00e9 \u00e0 l&rsquo;Immacul\u00e9e-Conception 2015 : 04 octobre : Concert de Kunio Yamaoka \u00e0 l&rsquo;Immacul\u00e9e-Conception 03 ao\u00fbt : Concert Orgue et Piano \u00e0 l&rsquo;Immacul\u00e9e-Conception 2014 : 23 novembre : Concert de &hellip; <\/p>\n<p class=\"link-more\"><a href=\"https:\/\/orgues-elbeuf.fr\/index.php\/anciennes-actualites-2014-2016\/\" class=\"more-link\">Lire la suite de<span class=\"screen-reader-text\">\u00ab\u00a0Anciennes actualit\u00e9s 2014-2016\u00a0\u00bb<\/span><\/a><\/p>\n","protected":false},"author":1,"featured_media":0,"parent":0,"menu_order":0,"comment_status":"closed","ping_status":"closed","template":"","meta":{"inspiro_hide_title":false,"footnotes":""},"class_list":["post-327","page","type-page","status-publish","hentry"],"_links":{"self":[{"href":"https:\/\/orgues-elbeuf.fr\/index.php\/wp-json\/wp\/v2\/pages\/327","targetHints":{"allow":["GET"]}}],"collection":[{"href":"https:\/\/orgues-elbeuf.fr\/index.php\/wp-json\/wp\/v2\/pages"}],"about":[{"href":"https:\/\/orgues-elbeuf.fr\/index.php\/wp-json\/wp\/v2\/types\/page"}],"author":[{"embeddable":true,"href":"https:\/\/orgues-elbeuf.fr\/index.php\/wp-json\/wp\/v2\/users\/1"}],"replies":[{"embeddable":true,"href":"https:\/\/orgues-elbeuf.fr\/index.php\/wp-json\/wp\/v2\/comments?post=327"}],"version-history":[{"count":2,"href":"https:\/\/orgues-elbeuf.fr\/index.php\/wp-json\/wp\/v2\/pages\/327\/revisions"}],"predecessor-version":[{"id":329,"href":"https:\/\/orgues-elbeuf.fr\/index.php\/wp-json\/wp\/v2\/pages\/327\/revisions\/329"}],"wp:attachment":[{"href":"https:\/\/orgues-elbeuf.fr\/index.php\/wp-json\/wp\/v2\/media?parent=327"}],"curies":[{"name":"wp","href":"https:\/\/api.w.org\/{rel}","templated":true}]}}

Anciennes actualités 2014-2016

<p class="has-background" style="background:linear-gradient(135deg,rgba(252,146,0,0.99) 0%,rgba(255,106,0,0.13) 99%);font-size:clamp(21.536px, 1.346rem + ((1vw - 3.2px) * 1.192), 35px);">2016 : </p>



<p></p>



<div class="wp-block-media-text is-stacked-on-mobile"><figure class="wp-block-media-text__media"><img loading="lazy" decoding="async" width="712" height="1024" src="https://orgues-elbeuf.fr/wp-content/uploads/2026/02/2016-10-28-Vincent-RIGOT-712x1024.jpg" alt="" class="wp-image-127 size-full" srcset="https://orgues-elbeuf.fr/wp-content/uploads/2026/02/2016-10-28-Vincent-RIGOT-712x1024.jpg 712w, https://orgues-elbeuf.fr/wp-content/uploads/2026/02/2016-10-28-Vincent-RIGOT-209x300.jpg 209w, https://orgues-elbeuf.fr/wp-content/uploads/2026/02/2016-10-28-Vincent-RIGOT-768x1104.jpg 768w, https://orgues-elbeuf.fr/wp-content/uploads/2026/02/2016-10-28-Vincent-RIGOT-1068x1536.jpg 1068w, https://orgues-elbeuf.fr/wp-content/uploads/2026/02/2016-10-28-Vincent-RIGOT-1424x2048.jpg 1424w, https://orgues-elbeuf.fr/wp-content/uploads/2026/02/2016-10-28-Vincent-RIGOT-1568x2255.jpg 1568w, https://orgues-elbeuf.fr/wp-content/uploads/2026/02/2016-10-28-Vincent-RIGOT.jpg 1601w" sizes="auto, (max-width: 712px) 100vw, 712px" /></figure><div class="wp-block-media-text__content">
<p>28 Octobre : Concert de Vincent RIGOT à l&rsquo;Immaculée-Conception</p>
</div></div>



<p></p>



<div class="wp-block-media-text has-media-on-the-right is-stacked-on-mobile"><div class="wp-block-media-text__content">
<p>01 août : Concert Orgue et Piano à l&rsquo;Immaculée-Conception</p>
</div><figure class="wp-block-media-text__media"><img loading="lazy" decoding="async" width="614" height="1024" src="https://orgues-elbeuf.fr/wp-content/uploads/2026/02/2016-08-01-Chavrot-1-614x1024.png" alt="" class="wp-image-130 size-full" srcset="https://orgues-elbeuf.fr/wp-content/uploads/2026/02/2016-08-01-Chavrot-1-614x1024.png 614w, https://orgues-elbeuf.fr/wp-content/uploads/2026/02/2016-08-01-Chavrot-1-180x300.png 180w, https://orgues-elbeuf.fr/wp-content/uploads/2026/02/2016-08-01-Chavrot-1-768x1281.png 768w, https://orgues-elbeuf.fr/wp-content/uploads/2026/02/2016-08-01-Chavrot-1-921x1536.png 921w, https://orgues-elbeuf.fr/wp-content/uploads/2026/02/2016-08-01-Chavrot-1-1228x2048.png 1228w, https://orgues-elbeuf.fr/wp-content/uploads/2026/02/2016-08-01-Chavrot-1-1568x2615.png 1568w, https://orgues-elbeuf.fr/wp-content/uploads/2026/02/2016-08-01-Chavrot-1-scaled.png 1535w" sizes="auto, (max-width: 614px) 100vw, 614px" /></figure></div>



<p></p>



<div class="wp-block-media-text is-stacked-on-mobile"><figure class="wp-block-media-text__media"><img loading="lazy" decoding="async" width="779" height="1024" src="https://orgues-elbeuf.fr/wp-content/uploads/2026/02/2016-03-21_concert-amis-des-orgues-779x1024.jpg" alt="" class="wp-image-129 size-full" srcset="https://orgues-elbeuf.fr/wp-content/uploads/2026/02/2016-03-21_concert-amis-des-orgues-779x1024.jpg 779w, https://orgues-elbeuf.fr/wp-content/uploads/2026/02/2016-03-21_concert-amis-des-orgues-228x300.jpg 228w, https://orgues-elbeuf.fr/wp-content/uploads/2026/02/2016-03-21_concert-amis-des-orgues-768x1009.jpg 768w, https://orgues-elbeuf.fr/wp-content/uploads/2026/02/2016-03-21_concert-amis-des-orgues.jpg 886w" sizes="auto, (max-width: 779px) 100vw, 779px" /></figure><div class="wp-block-media-text__content">
<p>21 mars : Requiem de Fauré à l&rsquo;Immaculée-Conception</p>
</div></div>



<hr class="wp-block-separator has-alpha-channel-opacity"/>



<p class="has-background" style="background:linear-gradient(135deg,rgba(252,146,0,0.99) 0%,rgba(255,106,0,0.13) 99%);font-size:clamp(21.536px, 1.346rem + ((1vw - 3.2px) * 1.192), 35px);">2015 :</p>



<p></p>



<div class="wp-block-media-text has-media-on-the-right is-stacked-on-mobile"><div class="wp-block-media-text__content">
<p>04 octobre : Concert de Kunio Yamaoka à l&rsquo;Immaculée-Conception</p>
</div><figure class="wp-block-media-text__media"><img loading="lazy" decoding="async" width="819" height="1024" src="http://orgues-elbeuf.fr/wp-content/uploads/2026/02/2015-10-04-Yamaoka-819x1024.jpg" alt="" class="wp-image-134 size-full" srcset="https://orgues-elbeuf.fr/wp-content/uploads/2026/02/2015-10-04-Yamaoka-819x1024.jpg 819w, https://orgues-elbeuf.fr/wp-content/uploads/2026/02/2015-10-04-Yamaoka-240x300.jpg 240w, https://orgues-elbeuf.fr/wp-content/uploads/2026/02/2015-10-04-Yamaoka-768x961.jpg 768w, https://orgues-elbeuf.fr/wp-content/uploads/2026/02/2015-10-04-Yamaoka-1228x1536.jpg 1228w, https://orgues-elbeuf.fr/wp-content/uploads/2026/02/2015-10-04-Yamaoka-scaled.jpg 2046w" sizes="auto, (max-width: 819px) 100vw, 819px" /></figure></div>



<p></p>



<div class="wp-block-media-text is-stacked-on-mobile"><figure class="wp-block-media-text__media"><img loading="lazy" decoding="async" width="752" height="1024" src="https://orgues-elbeuf.fr/wp-content/uploads/2026/02/2015-08-03-Chavrot-752x1024.png" alt="" class="wp-image-133 size-full" srcset="https://orgues-elbeuf.fr/wp-content/uploads/2026/02/2015-08-03-Chavrot-752x1024.png 752w, https://orgues-elbeuf.fr/wp-content/uploads/2026/02/2015-08-03-Chavrot-220x300.png 220w, https://orgues-elbeuf.fr/wp-content/uploads/2026/02/2015-08-03-Chavrot-768x1046.png 768w, https://orgues-elbeuf.fr/wp-content/uploads/2026/02/2015-08-03-Chavrot.png 948w" sizes="auto, (max-width: 752px) 100vw, 752px" /></figure><div class="wp-block-media-text__content">
<p>03 août : Concert Orgue et Piano à l&rsquo;Immaculée-Conception</p>
</div></div>



<hr class="wp-block-separator has-alpha-channel-opacity"/>



<p class="has-background" style="background:linear-gradient(135deg,rgba(252,146,0,0.99) 0%,rgba(255,106,0,0.13) 99%);font-size:clamp(21.536px, 1.346rem + ((1vw - 3.2px) * 1.192), 35px);">2014 :</p>



<p></p>



<div class="wp-block-media-text has-media-on-the-right is-stacked-on-mobile"><div class="wp-block-media-text__content">
<p>23 novembre : Concert de Jean MALANDIN à l&rsquo;Immaculée-Conception</p>
</div><figure class="wp-block-media-text__media"><img loading="lazy" decoding="async" width="580" height="859" src="http://orgues-elbeuf.fr/wp-content/uploads/2026/02/Programme-23-novembre.jpg" alt="" class="wp-image-141 size-full" srcset="https://orgues-elbeuf.fr/wp-content/uploads/2026/02/Programme-23-novembre.jpg 580w, https://orgues-elbeuf.fr/wp-content/uploads/2026/02/Programme-23-novembre-203x300.jpg 203w" sizes="auto, (max-width: 580px) 100vw, 580px" /></figure></div>

<p>2016 : 28 Octobre : Concert de Vincent RIGOT à l&rsquo;Immaculée-Conception 01 août : Concert Orgue et Piano à l&rsquo;Immaculée-Conception 21 mars : Requiem de Fauré à l&rsquo;Immaculée-Conception 2015 : 04 octobre : Concert de Kunio Yamaoka à l&rsquo;Immaculée-Conception 03 août : Concert Orgue et Piano à l&rsquo;Immaculée-Conception 2014 : 23 novembre : Concert de &hellip; </p>
<p class="link-more"><a href="https://orgues-elbeuf.fr/index.php/anciennes-actualites-2014-2016/" class="more-link">Lire la suite de<span class="screen-reader-text">« Anciennes actualités 2014-2016 »</span></a></p>
