{"id":332,"date":"2026-02-27T18:35:21","date_gmt":"2026-02-27T18:35:21","guid":{"rendered":"https:\/\/orgues-elbeuf.fr\/?page_id=332"},"modified":"2026-02-27T18:35:21","modified_gmt":"2026-02-27T18:35:21","slug":"anciennes-actualites-2020-2022","status":"publish","type":"page","link":"https:\/\/orgues-elbeuf.fr\/index.php\/anciennes-actualites-2020-2022\/","title":{"rendered":"Anciennes actualit\u00e9s 2020-2022"},"content":{"rendered":"\n<p class=\"has-background\" style=\"background:linear-gradient(135deg,rgba(252,146,0,0.99) 0%,rgba(255,106,0,0.13) 99%);font-size:clamp(21.536px, 1.346rem + ((1vw - 3.2px) * 1.192), 35px);\">2022 :<\/p>\n\n\n\n<p><\/p>\n\n\n\n<div class=\"wp-block-media-text has-media-on-the-right is-stacked-on-mobile\"><div class=\"wp-block-media-text__content\">\n<p>08 et 09 juillet : Concerts de Loreto ARAMENDI \u00e0 l&rsquo;Immacul\u00e9e-Conception puis \u00e0 St Jean<\/p>\n<\/div><figure class=\"wp-block-media-text__media\"><img loading=\"lazy\" decoding=\"async\" width=\"719\" height=\"1024\" src=\"https:\/\/orgues-elbeuf.fr\/wp-content\/uploads\/2026\/02\/Affiche-Loreto-01-719x1024.jpg\" alt=\"\" class=\"wp-image-114 size-full\" srcset=\"https:\/\/orgues-elbeuf.fr\/wp-content\/uploads\/2026\/02\/Affiche-Loreto-01-719x1024.jpg 719w, https:\/\/orgues-elbeuf.fr\/wp-content\/uploads\/2026\/02\/Affiche-Loreto-01-211x300.jpg 211w, https:\/\/orgues-elbeuf.fr\/wp-content\/uploads\/2026\/02\/Affiche-Loreto-01-768x1093.jpg 768w, https:\/\/orgues-elbeuf.fr\/wp-content\/uploads\/2026\/02\/Affiche-Loreto-01-1079x1536.jpg 1079w, https:\/\/orgues-elbeuf.fr\/wp-content\/uploads\/2026\/02\/Affiche-Loreto-01-1438x2048.jpg 1438w, https:\/\/orgues-elbeuf.fr\/wp-content\/uploads\/2026\/02\/Affiche-Loreto-01-1568x2233.jpg 1568w, https:\/\/orgues-elbeuf.fr\/wp-content\/uploads\/2026\/02\/Affiche-Loreto-01-scaled.jpg 1798w\" sizes=\"auto, (max-width: 719px) 100vw, 719px\" \/><\/figure><\/div>\n\n\n\n<hr class=\"wp-block-separator has-alpha-channel-opacity\"\/>\n\n\n\n<p class=\"has-background\" style=\"background:linear-gradient(135deg,rgba(252,146,0,0.99) 0%,rgba(255,106,0,0.13) 99%);font-size:clamp(21.536px, 1.346rem + ((1vw - 3.2px) * 1.192), 35px);\">2021 :<\/p>\n\n\n\n<p><\/p>\n\n\n\n<div class=\"wp-block-media-text is-stacked-on-mobile\"><figure class=\"wp-block-media-text__media\"><img loading=\"lazy\" decoding=\"async\" width=\"708\" height=\"1024\" src=\"https:\/\/orgues-elbeuf.fr\/wp-content\/uploads\/2026\/02\/Affiche-audition-noel-708x1024.png\" alt=\"\" class=\"wp-image-115 size-full\" srcset=\"https:\/\/orgues-elbeuf.fr\/wp-content\/uploads\/2026\/02\/Affiche-audition-noel-708x1024.png 708w, https:\/\/orgues-elbeuf.fr\/wp-content\/uploads\/2026\/02\/Affiche-audition-noel-208x300.png 208w, https:\/\/orgues-elbeuf.fr\/wp-content\/uploads\/2026\/02\/Affiche-audition-noel-768x1110.png 768w, https:\/\/orgues-elbeuf.fr\/wp-content\/uploads\/2026\/02\/Affiche-audition-noel-1063x1536.png 1063w, https:\/\/orgues-elbeuf.fr\/wp-content\/uploads\/2026\/02\/Affiche-audition-noel-1417x2048.png 1417w, https:\/\/orgues-elbeuf.fr\/wp-content\/uploads\/2026\/02\/Affiche-audition-noel-1568x2267.png 1568w, https:\/\/orgues-elbeuf.fr\/wp-content\/uploads\/2026\/02\/Affiche-audition-noel-scaled.png 1771w\" sizes=\"auto, (max-width: 708px) 100vw, 708px\" \/><\/figure><div class=\"wp-block-media-text__content\">\n<p>12 d\u00e9cembre : Audition de No\u00ebl par les organistes de l&rsquo;Association<\/p>\n<\/div><\/div>\n\n\n\n<p><\/p>\n\n\n\n<div class=\"wp-block-media-text has-media-on-the-right is-stacked-on-mobile\"><div class=\"wp-block-media-text__content\">\n<p>01 octobre : Pierre en Lumi\u00e8res \u00e0 l&rsquo;\u00e9glise St Etienne<\/p>\n<\/div><figure class=\"wp-block-media-text__media\"><img loading=\"lazy\" decoding=\"async\" width=\"706\" height=\"1024\" src=\"https:\/\/orgues-elbeuf.fr\/wp-content\/uploads\/2026\/02\/2021.-PIerres-en-Lumieres-706x1024.jpg\" alt=\"\" class=\"wp-image-298 size-full\" srcset=\"https:\/\/orgues-elbeuf.fr\/wp-content\/uploads\/2026\/02\/2021.-PIerres-en-Lumieres-706x1024.jpg 706w, https:\/\/orgues-elbeuf.fr\/wp-content\/uploads\/2026\/02\/2021.-PIerres-en-Lumieres-207x300.jpg 207w, https:\/\/orgues-elbeuf.fr\/wp-content\/uploads\/2026\/02\/2021.-PIerres-en-Lumieres.jpg 1390w\" sizes=\"auto, (max-width: 706px) 100vw, 706px\" \/><\/figure><\/div>\n\n\n\n<div class=\"wp-block-media-text is-stacked-on-mobile\"><figure class=\"wp-block-media-text__media\"><img loading=\"lazy\" decoding=\"async\" width=\"683\" height=\"1024\" src=\"https:\/\/orgues-elbeuf.fr\/wp-content\/uploads\/2026\/02\/Affiche-JEP2021-400x600-repiquable-v2-683x1024.jpg\" alt=\"\" class=\"wp-image-293 size-full\" srcset=\"https:\/\/orgues-elbeuf.fr\/wp-content\/uploads\/2026\/02\/Affiche-JEP2021-400x600-repiquable-v2-683x1024.jpg 683w, https:\/\/orgues-elbeuf.fr\/wp-content\/uploads\/2026\/02\/Affiche-JEP2021-400x600-repiquable-v2-200x300.jpg 200w, https:\/\/orgues-elbeuf.fr\/wp-content\/uploads\/2026\/02\/Affiche-JEP2021-400x600-repiquable-v2-2000x3000.jpg 2000w, https:\/\/orgues-elbeuf.fr\/wp-content\/uploads\/2026\/02\/Affiche-JEP2021-400x600-repiquable-v2-scaled.jpg 1707w\" sizes=\"auto, (max-width: 683px) 100vw, 683px\" \/><\/figure><div class=\"wp-block-media-text__content\">\n<p>18 septembre : Journ\u00e9es du Patrimoine<\/p>\n<\/div><\/div>\n\n\n\n<p><\/p>\n\n\n\n<div class=\"wp-block-media-text has-media-on-the-right is-stacked-on-mobile\"><div class=\"wp-block-media-text__content\">\n<p>27 ao\u00fbt : Concert de Franck BESINGRAND \u00e0 l&rsquo;Immacul\u00e9e-Conception<\/p>\n<\/div><figure class=\"wp-block-media-text__media\"><img loading=\"lazy\" decoding=\"async\" width=\"722\" height=\"1024\" src=\"https:\/\/orgues-elbeuf.fr\/wp-content\/uploads\/2026\/02\/image-6-722x1024.png\" alt=\"\" class=\"wp-image-117 size-full\" srcset=\"https:\/\/orgues-elbeuf.fr\/wp-content\/uploads\/2026\/02\/image-6-722x1024.png 722w, https:\/\/orgues-elbeuf.fr\/wp-content\/uploads\/2026\/02\/image-6-212x300.png 212w, https:\/\/orgues-elbeuf.fr\/wp-content\/uploads\/2026\/02\/image-6-768x1089.png 768w, https:\/\/orgues-elbeuf.fr\/wp-content\/uploads\/2026\/02\/image-6-1083x1536.png 1083w, https:\/\/orgues-elbeuf.fr\/wp-content\/uploads\/2026\/02\/image-6-1444x2048.png 1444w, https:\/\/orgues-elbeuf.fr\/wp-content\/uploads\/2026\/02\/image-6-1568x2224.png 1568w, https:\/\/orgues-elbeuf.fr\/wp-content\/uploads\/2026\/02\/image-6-scaled.png 1805w\" sizes=\"auto, (max-width: 722px) 100vw, 722px\" \/><\/figure><\/div>\n\n\n\n<p><\/p>\n\n\n\n<div class=\"wp-block-media-text is-stacked-on-mobile\"><figure class=\"wp-block-media-text__media\"><img loading=\"lazy\" decoding=\"async\" width=\"723\" height=\"1024\" src=\"https:\/\/orgues-elbeuf.fr\/wp-content\/uploads\/2026\/02\/image-7-723x1024.png\" alt=\"\" class=\"wp-image-118 size-full\" srcset=\"https:\/\/orgues-elbeuf.fr\/wp-content\/uploads\/2026\/02\/image-7-723x1024.png 723w, https:\/\/orgues-elbeuf.fr\/wp-content\/uploads\/2026\/02\/image-7-212x300.png 212w, https:\/\/orgues-elbeuf.fr\/wp-content\/uploads\/2026\/02\/image-7-768x1088.png 768w, https:\/\/orgues-elbeuf.fr\/wp-content\/uploads\/2026\/02\/image-7-1084x1536.png 1084w, https:\/\/orgues-elbeuf.fr\/wp-content\/uploads\/2026\/02\/image-7-1446x2048.png 1446w, https:\/\/orgues-elbeuf.fr\/wp-content\/uploads\/2026\/02\/image-7-1568x2221.png 1568w, https:\/\/orgues-elbeuf.fr\/wp-content\/uploads\/2026\/02\/image-7-scaled.png 1807w\" sizes=\"auto, (max-width: 723px) 100vw, 723px\" \/><\/figure><div class=\"wp-block-media-text__content\">\n<p>14 ao\u00fbt : Concert d&rsquo;Aurore BAAL \u00e0 St Jean dans le cadre du Festival des Orgues Cavaill\u00e9-Coll<\/p>\n<\/div><\/div>\n\n\n\n<hr class=\"wp-block-separator has-alpha-channel-opacity\"\/>\n\n\n\n<p class=\"has-background\" style=\"background:linear-gradient(135deg,rgba(252,146,0,0.99) 0%,rgba(255,106,0,0.13) 99%);font-size:clamp(21.536px, 1.346rem + ((1vw - 3.2px) * 1.192), 35px);\">2020 :<\/p>\n\n\n\n<p><\/p>\n\n\n\n<div class=\"wp-block-media-text has-media-on-the-right is-stacked-on-mobile\"><div class=\"wp-block-media-text__content\">\n<p>03 juillet : Concert d&rsquo;Andr\u00e9 DE JAEGER \u00e0 l&rsquo;Immacul\u00e9e<\/p>\n<\/div><figure class=\"wp-block-media-text__media\"><img loading=\"lazy\" decoding=\"async\" width=\"591\" height=\"839\" src=\"https:\/\/orgues-elbeuf.fr\/wp-content\/uploads\/2026\/02\/Affiche-concert-De-Jager-WEB.jpg\" alt=\"\" class=\"wp-image-121 size-full\" srcset=\"https:\/\/orgues-elbeuf.fr\/wp-content\/uploads\/2026\/02\/Affiche-concert-De-Jager-WEB.jpg 591w, https:\/\/orgues-elbeuf.fr\/wp-content\/uploads\/2026\/02\/Affiche-concert-De-Jager-WEB-211x300.jpg 211w\" sizes=\"auto, (max-width: 591px) 100vw, 591px\" \/><\/figure><\/div>\n","protected":false},"excerpt":{"rendered":"<p>2022 : 08 et 09 juillet : Concerts de Loreto ARAMENDI \u00e0 l&rsquo;Immacul\u00e9e-Conception puis \u00e0 St Jean 2021 : 12 d\u00e9cembre : Audition de No\u00ebl par les organistes de l&rsquo;Association 01 octobre : Pierre en Lumi\u00e8res \u00e0 l&rsquo;\u00e9glise St Etienne 18 septembre : Journ\u00e9es du Patrimoine 27 ao\u00fbt : Concert de Franck BESINGRAND \u00e0 l&rsquo;Immacul\u00e9e-Conception &hellip; <\/p>\n<p class=\"link-more\"><a href=\"https:\/\/orgues-elbeuf.fr\/index.php\/anciennes-actualites-2020-2022\/\" class=\"more-link\">Lire la suite de<span class=\"screen-reader-text\">\u00ab\u00a0Anciennes actualit\u00e9s 2020-2022\u00a0\u00bb<\/span><\/a><\/p>\n","protected":false},"author":1,"featured_media":0,"parent":0,"menu_order":0,"comment_status":"closed","ping_status":"closed","template":"","meta":{"inspiro_hide_title":false,"footnotes":""},"class_list":["post-332","page","type-page","status-publish","hentry"],"_links":{"self":[{"href":"https:\/\/orgues-elbeuf.fr\/index.php\/wp-json\/wp\/v2\/pages\/332","targetHints":{"allow":["GET"]}}],"collection":[{"href":"https:\/\/orgues-elbeuf.fr\/index.php\/wp-json\/wp\/v2\/pages"}],"about":[{"href":"https:\/\/orgues-elbeuf.fr\/index.php\/wp-json\/wp\/v2\/types\/page"}],"author":[{"embeddable":true,"href":"https:\/\/orgues-elbeuf.fr\/index.php\/wp-json\/wp\/v2\/users\/1"}],"replies":[{"embeddable":true,"href":"https:\/\/orgues-elbeuf.fr\/index.php\/wp-json\/wp\/v2\/comments?post=332"}],"version-history":[{"count":1,"href":"https:\/\/orgues-elbeuf.fr\/index.php\/wp-json\/wp\/v2\/pages\/332\/revisions"}],"predecessor-version":[{"id":333,"href":"https:\/\/orgues-elbeuf.fr\/index.php\/wp-json\/wp\/v2\/pages\/332\/revisions\/333"}],"wp:attachment":[{"href":"https:\/\/orgues-elbeuf.fr\/index.php\/wp-json\/wp\/v2\/media?parent=332"}],"curies":[{"name":"wp","href":"https:\/\/api.w.org\/{rel}","templated":true}]}}

Anciennes actualités 2020-2022

<p class="has-background" style="background:linear-gradient(135deg,rgba(252,146,0,0.99) 0%,rgba(255,106,0,0.13) 99%);font-size:clamp(21.536px, 1.346rem + ((1vw - 3.2px) * 1.192), 35px);">2022 :</p>



<p></p>



<div class="wp-block-media-text has-media-on-the-right is-stacked-on-mobile"><div class="wp-block-media-text__content">
<p>08 et 09 juillet : Concerts de Loreto ARAMENDI à l&rsquo;Immaculée-Conception puis à St Jean</p>
</div><figure class="wp-block-media-text__media"><img loading="lazy" decoding="async" width="719" height="1024" src="https://orgues-elbeuf.fr/wp-content/uploads/2026/02/Affiche-Loreto-01-719x1024.jpg" alt="" class="wp-image-114 size-full" srcset="https://orgues-elbeuf.fr/wp-content/uploads/2026/02/Affiche-Loreto-01-719x1024.jpg 719w, https://orgues-elbeuf.fr/wp-content/uploads/2026/02/Affiche-Loreto-01-211x300.jpg 211w, https://orgues-elbeuf.fr/wp-content/uploads/2026/02/Affiche-Loreto-01-768x1093.jpg 768w, https://orgues-elbeuf.fr/wp-content/uploads/2026/02/Affiche-Loreto-01-1079x1536.jpg 1079w, https://orgues-elbeuf.fr/wp-content/uploads/2026/02/Affiche-Loreto-01-1438x2048.jpg 1438w, https://orgues-elbeuf.fr/wp-content/uploads/2026/02/Affiche-Loreto-01-1568x2233.jpg 1568w, https://orgues-elbeuf.fr/wp-content/uploads/2026/02/Affiche-Loreto-01-scaled.jpg 1798w" sizes="auto, (max-width: 719px) 100vw, 719px" /></figure></div>



<hr class="wp-block-separator has-alpha-channel-opacity"/>



<p class="has-background" style="background:linear-gradient(135deg,rgba(252,146,0,0.99) 0%,rgba(255,106,0,0.13) 99%);font-size:clamp(21.536px, 1.346rem + ((1vw - 3.2px) * 1.192), 35px);">2021 :</p>



<p></p>



<div class="wp-block-media-text is-stacked-on-mobile"><figure class="wp-block-media-text__media"><img loading="lazy" decoding="async" width="708" height="1024" src="https://orgues-elbeuf.fr/wp-content/uploads/2026/02/Affiche-audition-noel-708x1024.png" alt="" class="wp-image-115 size-full" srcset="https://orgues-elbeuf.fr/wp-content/uploads/2026/02/Affiche-audition-noel-708x1024.png 708w, https://orgues-elbeuf.fr/wp-content/uploads/2026/02/Affiche-audition-noel-208x300.png 208w, https://orgues-elbeuf.fr/wp-content/uploads/2026/02/Affiche-audition-noel-768x1110.png 768w, https://orgues-elbeuf.fr/wp-content/uploads/2026/02/Affiche-audition-noel-1063x1536.png 1063w, https://orgues-elbeuf.fr/wp-content/uploads/2026/02/Affiche-audition-noel-1417x2048.png 1417w, https://orgues-elbeuf.fr/wp-content/uploads/2026/02/Affiche-audition-noel-1568x2267.png 1568w, https://orgues-elbeuf.fr/wp-content/uploads/2026/02/Affiche-audition-noel-scaled.png 1771w" sizes="auto, (max-width: 708px) 100vw, 708px" /></figure><div class="wp-block-media-text__content">
<p>12 décembre : Audition de Noël par les organistes de l&rsquo;Association</p>
</div></div>



<p></p>



<div class="wp-block-media-text has-media-on-the-right is-stacked-on-mobile"><div class="wp-block-media-text__content">
<p>01 octobre : Pierre en Lumières à l&rsquo;église St Etienne</p>
</div><figure class="wp-block-media-text__media"><img loading="lazy" decoding="async" width="706" height="1024" src="https://orgues-elbeuf.fr/wp-content/uploads/2026/02/2021.-PIerres-en-Lumieres-706x1024.jpg" alt="" class="wp-image-298 size-full" srcset="https://orgues-elbeuf.fr/wp-content/uploads/2026/02/2021.-PIerres-en-Lumieres-706x1024.jpg 706w, https://orgues-elbeuf.fr/wp-content/uploads/2026/02/2021.-PIerres-en-Lumieres-207x300.jpg 207w, https://orgues-elbeuf.fr/wp-content/uploads/2026/02/2021.-PIerres-en-Lumieres.jpg 1390w" sizes="auto, (max-width: 706px) 100vw, 706px" /></figure></div>



<div class="wp-block-media-text is-stacked-on-mobile"><figure class="wp-block-media-text__media"><img loading="lazy" decoding="async" width="683" height="1024" src="https://orgues-elbeuf.fr/wp-content/uploads/2026/02/Affiche-JEP2021-400x600-repiquable-v2-683x1024.jpg" alt="" class="wp-image-293 size-full" srcset="https://orgues-elbeuf.fr/wp-content/uploads/2026/02/Affiche-JEP2021-400x600-repiquable-v2-683x1024.jpg 683w, https://orgues-elbeuf.fr/wp-content/uploads/2026/02/Affiche-JEP2021-400x600-repiquable-v2-200x300.jpg 200w, https://orgues-elbeuf.fr/wp-content/uploads/2026/02/Affiche-JEP2021-400x600-repiquable-v2-2000x3000.jpg 2000w, https://orgues-elbeuf.fr/wp-content/uploads/2026/02/Affiche-JEP2021-400x600-repiquable-v2-scaled.jpg 1707w" sizes="auto, (max-width: 683px) 100vw, 683px" /></figure><div class="wp-block-media-text__content">
<p>18 septembre : Journées du Patrimoine</p>
</div></div>



<p></p>



<div class="wp-block-media-text has-media-on-the-right is-stacked-on-mobile"><div class="wp-block-media-text__content">
<p>27 août : Concert de Franck BESINGRAND à l&rsquo;Immaculée-Conception</p>
</div><figure class="wp-block-media-text__media"><img loading="lazy" decoding="async" width="722" height="1024" src="https://orgues-elbeuf.fr/wp-content/uploads/2026/02/image-6-722x1024.png" alt="" class="wp-image-117 size-full" srcset="https://orgues-elbeuf.fr/wp-content/uploads/2026/02/image-6-722x1024.png 722w, https://orgues-elbeuf.fr/wp-content/uploads/2026/02/image-6-212x300.png 212w, https://orgues-elbeuf.fr/wp-content/uploads/2026/02/image-6-768x1089.png 768w, https://orgues-elbeuf.fr/wp-content/uploads/2026/02/image-6-1083x1536.png 1083w, https://orgues-elbeuf.fr/wp-content/uploads/2026/02/image-6-1444x2048.png 1444w, https://orgues-elbeuf.fr/wp-content/uploads/2026/02/image-6-1568x2224.png 1568w, https://orgues-elbeuf.fr/wp-content/uploads/2026/02/image-6-scaled.png 1805w" sizes="auto, (max-width: 722px) 100vw, 722px" /></figure></div>



<p></p>



<div class="wp-block-media-text is-stacked-on-mobile"><figure class="wp-block-media-text__media"><img loading="lazy" decoding="async" width="723" height="1024" src="https://orgues-elbeuf.fr/wp-content/uploads/2026/02/image-7-723x1024.png" alt="" class="wp-image-118 size-full" srcset="https://orgues-elbeuf.fr/wp-content/uploads/2026/02/image-7-723x1024.png 723w, https://orgues-elbeuf.fr/wp-content/uploads/2026/02/image-7-212x300.png 212w, https://orgues-elbeuf.fr/wp-content/uploads/2026/02/image-7-768x1088.png 768w, https://orgues-elbeuf.fr/wp-content/uploads/2026/02/image-7-1084x1536.png 1084w, https://orgues-elbeuf.fr/wp-content/uploads/2026/02/image-7-1446x2048.png 1446w, https://orgues-elbeuf.fr/wp-content/uploads/2026/02/image-7-1568x2221.png 1568w, https://orgues-elbeuf.fr/wp-content/uploads/2026/02/image-7-scaled.png 1807w" sizes="auto, (max-width: 723px) 100vw, 723px" /></figure><div class="wp-block-media-text__content">
<p>14 août : Concert d&rsquo;Aurore BAAL à St Jean dans le cadre du Festival des Orgues Cavaillé-Coll</p>
</div></div>



<hr class="wp-block-separator has-alpha-channel-opacity"/>



<p class="has-background" style="background:linear-gradient(135deg,rgba(252,146,0,0.99) 0%,rgba(255,106,0,0.13) 99%);font-size:clamp(21.536px, 1.346rem + ((1vw - 3.2px) * 1.192), 35px);">2020 :</p>



<p></p>



<div class="wp-block-media-text has-media-on-the-right is-stacked-on-mobile"><div class="wp-block-media-text__content">
<p>03 juillet : Concert d&rsquo;André DE JAEGER à l&rsquo;Immaculée</p>
</div><figure class="wp-block-media-text__media"><img loading="lazy" decoding="async" width="591" height="839" src="https://orgues-elbeuf.fr/wp-content/uploads/2026/02/Affiche-concert-De-Jager-WEB.jpg" alt="" class="wp-image-121 size-full" srcset="https://orgues-elbeuf.fr/wp-content/uploads/2026/02/Affiche-concert-De-Jager-WEB.jpg 591w, https://orgues-elbeuf.fr/wp-content/uploads/2026/02/Affiche-concert-De-Jager-WEB-211x300.jpg 211w" sizes="auto, (max-width: 591px) 100vw, 591px" /></figure></div>

<p>2022 : 08 et 09 juillet : Concerts de Loreto ARAMENDI à l&rsquo;Immaculée-Conception puis à St Jean 2021 : 12 décembre : Audition de Noël par les organistes de l&rsquo;Association 01 octobre : Pierre en Lumières à l&rsquo;église St Etienne 18 septembre : Journées du Patrimoine 27 août : Concert de Franck BESINGRAND à l&rsquo;Immaculée-Conception &hellip; </p>
<p class="link-more"><a href="https://orgues-elbeuf.fr/index.php/anciennes-actualites-2020-2022/" class="more-link">Lire la suite de<span class="screen-reader-text">« Anciennes actualités 2020-2022 »</span></a></p>
