{"id":64,"date":"2026-02-18T15:33:55","date_gmt":"2026-02-18T15:33:55","guid":{"rendered":"https:\/\/orgues-elbeuf.fr\/?page_id=64"},"modified":"2026-02-19T14:41:40","modified_gmt":"2026-02-19T14:41:40","slug":"orgue-de-choeur-de-limmaculee-conception","status":"publish","type":"page","link":"https:\/\/orgues-elbeuf.fr\/index.php\/orgue-de-choeur-de-limmaculee-conception\/","title":{"rendered":"Orgue de Choeur de l&rsquo;Immacul\u00e9e-Conception"},"content":{"rendered":"\n<p>L&rsquo;orgue de ch\u0153ur de l\u2019Immacul\u00e9e-Conception a \u00e9t\u00e9 inaugur\u00e9 le 4 juin 1894 par M Latouche de Rouen. C\u2019est un instrument r\u00e9alis\u00e9 par Aristide Cavaill\u00e9-Coll. Lors de son inauguration, la premi\u00e8re pi\u00e8ce fut jou\u00e9e par Marcel DUPR\u00c9 alors \u00e2g\u00e9 de 8 ans.<\/p>\n\n\n\n<figure class=\"wp-block-image size-large\"><img loading=\"lazy\" decoding=\"async\" width=\"698\" height=\"1024\" src=\"http:\/\/orgues-elbeuf.fr\/wp-content\/uploads\/2026\/02\/POIC-Programme-inauguration-698x1024.jpeg\" alt=\"\" class=\"wp-image-66\" srcset=\"https:\/\/orgues-elbeuf.fr\/wp-content\/uploads\/2026\/02\/POIC-Programme-inauguration-698x1024.jpeg 698w, https:\/\/orgues-elbeuf.fr\/wp-content\/uploads\/2026\/02\/POIC-Programme-inauguration-205x300.jpeg 205w, https:\/\/orgues-elbeuf.fr\/wp-content\/uploads\/2026\/02\/POIC-Programme-inauguration-768x1126.jpeg 768w, https:\/\/orgues-elbeuf.fr\/wp-content\/uploads\/2026\/02\/POIC-Programme-inauguration-1047x1536.jpeg 1047w, https:\/\/orgues-elbeuf.fr\/wp-content\/uploads\/2026\/02\/POIC-Programme-inauguration-1397x2048.jpeg 1397w, https:\/\/orgues-elbeuf.fr\/wp-content\/uploads\/2026\/02\/POIC-Programme-inauguration-1568x2299.jpeg 1568w, https:\/\/orgues-elbeuf.fr\/wp-content\/uploads\/2026\/02\/POIC-Programme-inauguration-scaled.jpeg 1746w\" sizes=\"auto, (max-width: 698px) 100vw, 698px\" \/><\/figure>\n\n\n\n<p>Il comporte jeux r\u00e9partis sur 1 claviers de 56 notes et un p\u00e9dalier.<\/p>\n\n\n\n<p>La composition :<\/p>\n\n\n\n<figure class=\"wp-block-table\"><table class=\"has-fixed-layout\"><tbody><tr><td>Clavier expressif<\/td><td>P\u00e9dale<\/td><\/tr><tr><td>Principal 8<br>Basse de Bourdon 8<br>Dessus de Bourdon 8<br>Dessus de Fl\u00fbte Harmonique 8 Undamaris 8<br>Prestant 4<br>Basse de Trompette 8<br>Dessus de Trompette 8<\/td><td>Soubasse 16<\/td><\/tr><\/tbody><\/table><\/figure>\n\n\n\n<p>P\u00e9dales de combinaison :<\/p>\n\n\n\n<p>Tir GO, Appel Soubasse 16, Expression, Appel Trompette, Rappel trompette<\/p>\n\n\n\n<div class=\"wp-block-responsive-lightbox-gallery\"><div class=\"rl-gallery-container rl-loading\" id=\"rl-gallery-container-1\" data-gallery_id=\"262\"> <div class=\"rl-gallery rl-basicgrid-gallery \" id=\"rl-gallery-1\" data-gallery_no=\"1\"> <div class=\"rl-gallery-item\"><a href=\"https:\/\/orgues-elbeuf.fr\/wp-content\/uploads\/2026\/02\/DSC02228-scaled.jpeg\" title=\"\" data-rl_title=\"\" class=\"rl-gallery-link\" data-rl_caption=\"\" data-rel=\"lightbox-gallery-1\"><img loading=\"lazy\" decoding=\"async\" src=\"https:\/\/orgues-elbeuf.fr\/wp-content\/uploads\/2026\/02\/DSC02228-300x200.jpeg\" width=\"300\" height=\"200\" alt=\"\" \/><\/a><\/div><div class=\"rl-gallery-item\"><a href=\"https:\/\/orgues-elbeuf.fr\/wp-content\/uploads\/2026\/02\/DSC02229-scaled.jpeg\" title=\"\" data-rl_title=\"\" class=\"rl-gallery-link\" data-rl_caption=\"\" data-rel=\"lightbox-gallery-1\"><img loading=\"lazy\" decoding=\"async\" src=\"https:\/\/orgues-elbeuf.fr\/wp-content\/uploads\/2026\/02\/DSC02229-300x200.jpeg\" width=\"300\" height=\"200\" alt=\"\" \/><\/a><\/div><div class=\"rl-gallery-item\"><a href=\"https:\/\/orgues-elbeuf.fr\/wp-content\/uploads\/2026\/02\/IMG_2771-scaled.jpeg\" title=\"\" data-rl_title=\"\" class=\"rl-gallery-link\" data-rl_caption=\"\" data-rel=\"lightbox-gallery-1\"><img loading=\"lazy\" decoding=\"async\" src=\"https:\/\/orgues-elbeuf.fr\/wp-content\/uploads\/2026\/02\/IMG_2771-300x200.jpeg\" width=\"300\" height=\"200\" alt=\"\" \/><\/a><\/div><div class=\"rl-gallery-item\"><a href=\"https:\/\/orgues-elbeuf.fr\/wp-content\/uploads\/2026\/02\/IMG_2792-scaled.jpeg\" title=\"\" data-rl_title=\"\" class=\"rl-gallery-link\" data-rl_caption=\"\" data-rel=\"lightbox-gallery-1\"><img loading=\"lazy\" decoding=\"async\" src=\"https:\/\/orgues-elbeuf.fr\/wp-content\/uploads\/2026\/02\/IMG_2792-300x200.jpeg\" width=\"300\" height=\"200\" alt=\"\" \/><\/a><\/div><div class=\"rl-gallery-item\"><a href=\"https:\/\/orgues-elbeuf.fr\/wp-content\/uploads\/2026\/02\/POIC-Programme-inauguration-scaled.jpeg\" title=\"\" data-rl_title=\"\" class=\"rl-gallery-link\" data-rl_caption=\"\" data-rel=\"lightbox-gallery-1\"><img loading=\"lazy\" decoding=\"async\" src=\"https:\/\/orgues-elbeuf.fr\/wp-content\/uploads\/2026\/02\/POIC-Programme-inauguration-205x300.jpeg\" width=\"205\" height=\"300\" alt=\"\" \/><\/a><\/div><div class=\"rl-gallery-item\"><a href=\"https:\/\/orgues-elbeuf.fr\/wp-content\/uploads\/2026\/02\/POIC-buffet-scaled.jpeg\" title=\"\" data-rl_title=\"\" class=\"rl-gallery-link\" data-rl_caption=\"\" data-rel=\"lightbox-gallery-1\"><img loading=\"lazy\" decoding=\"async\" src=\"https:\/\/orgues-elbeuf.fr\/wp-content\/uploads\/2026\/02\/POIC-buffet-200x300.jpeg\" width=\"200\" height=\"300\" alt=\"\" \/><\/a><\/div><div class=\"rl-gallery-item\"><a href=\"https:\/\/orgues-elbeuf.fr\/wp-content\/uploads\/2026\/02\/POIC-Tuyauterie-scaled.jpeg\" title=\"\" data-rl_title=\"\" class=\"rl-gallery-link\" data-rl_caption=\"\" data-rel=\"lightbox-gallery-1\"><img loading=\"lazy\" decoding=\"async\" src=\"https:\/\/orgues-elbeuf.fr\/wp-content\/uploads\/2026\/02\/POIC-Tuyauterie-300x193.jpeg\" width=\"300\" height=\"193\" alt=\"\" \/><\/a><\/div> <\/div> <\/div><\/div>\n","protected":false},"excerpt":{"rendered":"<p>L&rsquo;orgue de ch\u0153ur de l\u2019Immacul\u00e9e-Conception a \u00e9t\u00e9 inaugur\u00e9 le 4 juin 1894 par M Latouche de Rouen. C\u2019est un instrument r\u00e9alis\u00e9 par Aristide Cavaill\u00e9-Coll. Lors de son inauguration, la premi\u00e8re pi\u00e8ce fut jou\u00e9e par Marcel DUPR\u00c9 alors \u00e2g\u00e9 de 8 ans. Il comporte jeux r\u00e9partis sur 1 claviers de 56 notes et un p\u00e9dalier. La &hellip; <\/p>\n<p class=\"link-more\"><a href=\"https:\/\/orgues-elbeuf.fr\/index.php\/orgue-de-choeur-de-limmaculee-conception\/\" class=\"more-link\">Lire la suite de<span class=\"screen-reader-text\">\u00ab\u00a0Orgue de Choeur de l&rsquo;Immacul\u00e9e-Conception\u00a0\u00bb<\/span><\/a><\/p>\n","protected":false},"author":1,"featured_media":0,"parent":0,"menu_order":0,"comment_status":"closed","ping_status":"closed","template":"","meta":{"inspiro_hide_title":false,"footnotes":""},"class_list":["post-64","page","type-page","status-publish","hentry"],"_links":{"self":[{"href":"https:\/\/orgues-elbeuf.fr\/index.php\/wp-json\/wp\/v2\/pages\/64","targetHints":{"allow":["GET"]}}],"collection":[{"href":"https:\/\/orgues-elbeuf.fr\/index.php\/wp-json\/wp\/v2\/pages"}],"about":[{"href":"https:\/\/orgues-elbeuf.fr\/index.php\/wp-json\/wp\/v2\/types\/page"}],"author":[{"embeddable":true,"href":"https:\/\/orgues-elbeuf.fr\/index.php\/wp-json\/wp\/v2\/users\/1"}],"replies":[{"embeddable":true,"href":"https:\/\/orgues-elbeuf.fr\/index.php\/wp-json\/wp\/v2\/comments?post=64"}],"version-history":[{"count":6,"href":"https:\/\/orgues-elbeuf.fr\/index.php\/wp-json\/wp\/v2\/pages\/64\/revisions"}],"predecessor-version":[{"id":265,"href":"https:\/\/orgues-elbeuf.fr\/index.php\/wp-json\/wp\/v2\/pages\/64\/revisions\/265"}],"wp:attachment":[{"href":"https:\/\/orgues-elbeuf.fr\/index.php\/wp-json\/wp\/v2\/media?parent=64"}],"curies":[{"name":"wp","href":"https:\/\/api.w.org\/{rel}","templated":true}]}}

Orgue de Choeur de l&rsquo;Immaculée-Conception

<p>L&rsquo;orgue de chœur de l’Immaculée-Conception a été inauguré le 4 juin 1894 par M Latouche de Rouen. C’est un instrument réalisé par Aristide Cavaillé-Coll. Lors de son inauguration, la première pièce fut jouée par Marcel DUPRÉ alors âgé de 8 ans.</p>



<figure class="wp-block-image size-large"><img loading="lazy" decoding="async" width="698" height="1024" src="http://orgues-elbeuf.fr/wp-content/uploads/2026/02/POIC-Programme-inauguration-698x1024.jpeg" alt="" class="wp-image-66" srcset="https://orgues-elbeuf.fr/wp-content/uploads/2026/02/POIC-Programme-inauguration-698x1024.jpeg 698w, https://orgues-elbeuf.fr/wp-content/uploads/2026/02/POIC-Programme-inauguration-205x300.jpeg 205w, https://orgues-elbeuf.fr/wp-content/uploads/2026/02/POIC-Programme-inauguration-768x1126.jpeg 768w, https://orgues-elbeuf.fr/wp-content/uploads/2026/02/POIC-Programme-inauguration-1047x1536.jpeg 1047w, https://orgues-elbeuf.fr/wp-content/uploads/2026/02/POIC-Programme-inauguration-1397x2048.jpeg 1397w, https://orgues-elbeuf.fr/wp-content/uploads/2026/02/POIC-Programme-inauguration-1568x2299.jpeg 1568w, https://orgues-elbeuf.fr/wp-content/uploads/2026/02/POIC-Programme-inauguration-scaled.jpeg 1746w" sizes="auto, (max-width: 698px) 100vw, 698px" /></figure>



<p>Il comporte jeux répartis sur 1 claviers de 56 notes et un pédalier.</p>



<p>La composition :</p>



<figure class="wp-block-table"><table class="has-fixed-layout"><tbody><tr><td>Clavier expressif</td><td>Pédale</td></tr><tr><td>Principal 8<br>Basse de Bourdon 8<br>Dessus de Bourdon 8<br>Dessus de Flûte Harmonique 8 Undamaris 8<br>Prestant 4<br>Basse de Trompette 8<br>Dessus de Trompette 8</td><td>Soubasse 16</td></tr></tbody></table></figure>



<p>Pédales de combinaison :</p>



<p>Tir GO, Appel Soubasse 16, Expression, Appel Trompette, Rappel trompette</p>



<div class="wp-block-responsive-lightbox-gallery"><div class="rl-gallery-container rl-loading" id="rl-gallery-container-1" data-gallery_id="262"> <div class="rl-gallery rl-basicgrid-gallery " id="rl-gallery-1" data-gallery_no="1"> <div class="rl-gallery-item"><a href="https://orgues-elbeuf.fr/wp-content/uploads/2026/02/DSC02228-scaled.jpeg" title="" data-rl_title="" class="rl-gallery-link" data-rl_caption="" data-rel="lightbox-gallery-1"><img loading="lazy" decoding="async" src="https://orgues-elbeuf.fr/wp-content/uploads/2026/02/DSC02228-300x200.jpeg" width="300" height="200" alt="" /></a></div><div class="rl-gallery-item"><a href="https://orgues-elbeuf.fr/wp-content/uploads/2026/02/DSC02229-scaled.jpeg" title="" data-rl_title="" class="rl-gallery-link" data-rl_caption="" data-rel="lightbox-gallery-1"><img loading="lazy" decoding="async" src="https://orgues-elbeuf.fr/wp-content/uploads/2026/02/DSC02229-300x200.jpeg" width="300" height="200" alt="" /></a></div><div class="rl-gallery-item"><a href="https://orgues-elbeuf.fr/wp-content/uploads/2026/02/IMG_2771-scaled.jpeg" title="" data-rl_title="" class="rl-gallery-link" data-rl_caption="" data-rel="lightbox-gallery-1"><img loading="lazy" decoding="async" src="https://orgues-elbeuf.fr/wp-content/uploads/2026/02/IMG_2771-300x200.jpeg" width="300" height="200" alt="" /></a></div><div class="rl-gallery-item"><a href="https://orgues-elbeuf.fr/wp-content/uploads/2026/02/IMG_2792-scaled.jpeg" title="" data-rl_title="" class="rl-gallery-link" data-rl_caption="" data-rel="lightbox-gallery-1"><img loading="lazy" decoding="async" src="https://orgues-elbeuf.fr/wp-content/uploads/2026/02/IMG_2792-300x200.jpeg" width="300" height="200" alt="" /></a></div><div class="rl-gallery-item"><a href="https://orgues-elbeuf.fr/wp-content/uploads/2026/02/POIC-Programme-inauguration-scaled.jpeg" title="" data-rl_title="" class="rl-gallery-link" data-rl_caption="" data-rel="lightbox-gallery-1"><img loading="lazy" decoding="async" src="https://orgues-elbeuf.fr/wp-content/uploads/2026/02/POIC-Programme-inauguration-205x300.jpeg" width="205" height="300" alt="" /></a></div><div class="rl-gallery-item"><a href="https://orgues-elbeuf.fr/wp-content/uploads/2026/02/POIC-buffet-scaled.jpeg" title="" data-rl_title="" class="rl-gallery-link" data-rl_caption="" data-rel="lightbox-gallery-1"><img loading="lazy" decoding="async" src="https://orgues-elbeuf.fr/wp-content/uploads/2026/02/POIC-buffet-200x300.jpeg" width="200" height="300" alt="" /></a></div><div class="rl-gallery-item"><a href="https://orgues-elbeuf.fr/wp-content/uploads/2026/02/POIC-Tuyauterie-scaled.jpeg" title="" data-rl_title="" class="rl-gallery-link" data-rl_caption="" data-rel="lightbox-gallery-1"><img loading="lazy" decoding="async" src="https://orgues-elbeuf.fr/wp-content/uploads/2026/02/POIC-Tuyauterie-300x193.jpeg" width="300" height="193" alt="" /></a></div> </div> </div></div>

<p>L&rsquo;orgue de chœur de l’Immaculée-Conception a été inauguré le 4 juin 1894 par M Latouche de Rouen. C’est un instrument réalisé par Aristide Cavaillé-Coll. Lors de son inauguration, la première pièce fut jouée par Marcel DUPRÉ alors âgé de 8 ans. Il comporte jeux répartis sur 1 claviers de 56 notes et un pédalier. La &hellip; </p>
<p class="link-more"><a href="https://orgues-elbeuf.fr/index.php/orgue-de-choeur-de-limmaculee-conception/" class="more-link">Lire la suite de<span class="screen-reader-text">« Orgue de Choeur de l&rsquo;Immaculée-Conception »</span></a></p>
